f(k) = -12*k**3 + 2*k**2 - 1. Let x be f(-3). Calculate the greatest common divisor of x and 22.
11
Let n(w) = 8*w + 579. Let i be n(-27). Calculate the highest common factor of 3 and i.
3
Suppose 0 = 12*a + 28 + 8. Let r be 33 + a - (1 + 4). Calculate the highest common factor of 100 and r.
25
Let a be (-50)/(-15)*(1 - -14). Let f be 29/(2552/10992) + (-3)/(-33). Calculate the highest common factor of f and a.
25
Let m be 10*(-1 - 6/(-3)). Let h be 15*((-24)/m + 3). What is the highest common factor of h and 3?
3
Let p(b) = 6*b + 124. Let u be p(33). Calculate the greatest common divisor of u and 46.
46
Let t(q) = -q**3 - 4*q**2 - 4*q + 9. Let i be t(0). Calculate the highest common divisor of 36 and i.
9
Let l be (-1)/4 + (-41)/(-4). Let t be (-1586)/244 - (-33)/2. What is the highest common divisor of l and t?
10
Let o be (-66 + 2)/(1/(-1)). Let q be (0 + -18 + 34)/2. What is the greatest common factor of o and q?
8
Let x be (27/(-18))/(2/4). Let d be (1 - x/(-12))*-16*-1. Calculate the greatest common divisor of d and 8.
4
Let q(x) = 2*x**3 - 2*x**2 + x + 2. Let a be q(-1). Let r be (-119)/a + 2/6. What is the greatest common factor of 5 and r?
5
Suppose -c - 2*r + 45 = 0, 3*c + 3*r = 4*r + 135. What is the greatest common divisor of c and 171?
9
Suppose -4*f = -5*f - c + 272, -4*c + 816 = 3*f. Let y be 12/21 + f/14. Let x = 95 - 65. What is the highest common factor of y and x?
10
Let x(p) = 8*p**2 - 2*p + 1. Let u be x(2). Let t be -2 + (0 - 5) + u. Calculate the greatest common divisor of t and 55.
11
Let t(k) = 38*k - 530. Let x be t(24). Calculate the highest common factor of 2 and x.
2
Suppose 462 - 1956 = -83*g. What is the highest common factor of g and 6?
6
Suppose -3*g - 2*g = -880. Let c(x) = x**2 - 55*x - 220. Let f be c(-4). What is the greatest common divisor of g and f?
16
Suppose 0 = -2*s - 3*s. Let i be -1 + 6/(s - -2). Suppose f = 4*b - 72, -i*f = f. Calculate the highest common factor of 45 and b.
9
Let x(c) = 2*c - 12. Let n be x(6). Suppose -3*d = -2*h - 12, n = 3*d + h + h. Calculate the highest common factor of d and 8.
2
Let z = 1055 - 621. What is the highest common divisor of 14 and z?
14
Suppose -3*s = -2*s - 14. Let g = 7 + -4. Suppose 3*x - 141 = -g*o, -o + 1 = -4. What is the greatest common divisor of s and x?
14
Suppose -249 = 12*m - 9*m. Let w = m + 161. Calculate the highest common divisor of 26 and w.
26
Let w = 1454 - 1265. Suppose 2*h + 109 = 3*d, 5*d = 8*h - 4*h + 219. Let k = -35 - h. Calculate the highest common divisor of k and w.
21
Let n(m) = 29*m - 10. Let i be n(-6). Let z = -68 - i. What is the highest common divisor of z and 87?
29
Let x = 0 - -1. Let u be (-133)/(-15) + (-34)/(-255). Calculate the highest common divisor of x and u.
1
Let t = 33 + 279. Calculate the highest common divisor of 234 and t.
78
Suppose -675*p = -688*p + 1300. Suppose 2*j + 3*d + 9 = -0*d, 0 = -d - 1. Let c be -1 + 41/(j/(-3)). Calculate the highest common divisor of c and p.
20
Let h be 1 - (-2)/((-1)/1). Let w = 2 - h. Let i be (-89 + 4)/(-5) + (6 - -4). Calculate the greatest common factor of w and i.
3
Let d be ((-36)/462)/(9/63) - 116/(-11). Let r = 24 - -1. What is the highest common factor of d and r?
5
Suppose v - 5 = y - 4*y, 5*y = -3*v - 5. Let o be (4 - (-18)/(-4))*v. What is the greatest common factor of 1 and o?
1
Let w(j) = j**3 + 25*j**2 + 14*j + 7. Let n be w(-24). What is the highest common factor of n and 26?
13
Suppose 0 = 4*o + 8, 2*o = 3*u + 3*o + 242. Let v = -52 - u. What is the highest common factor of 112 and v?
28
Suppose -18*p + 15*p = -24. Suppose -p - 10 = -4*c - 3*l, c + 3*l = 0. Calculate the highest common divisor of c and 2.
2
Let y be 0*(-3)/(-12) - -3. Suppose -2*m + 4 = 5*x - 5, -y*x - m + 6 = 0. Suppose 4*w + 10 - 34 = 0. What is the highest common divisor of w and x?
3
Let r(m) = -2*m**3 - 59*m**2 - 32*m + 66. Let z be r(-29). Calculate the highest common divisor of 255 and z.
51
Suppose 22*k - 487 = -91. Calculate the greatest common divisor of 99 and k.
9
Suppose 131 = 15*y - 14119. Calculate the greatest common factor of 100 and y.
50
Suppose 25 + 15 = 4*p. What is the highest common factor of p and 18?
2
Let y be (-8)/12*(-57)/2. Let r = y + -19. Suppose w = -r*w + 3*a + 25, a + 21 = w. Calculate the highest common divisor of 133 and w.
19
Suppose -30*n + 59337 + 58833 = 0. Calculate the highest common divisor of n and 39.
39
Let w(a) = -a**3 + 5*a**2 + 7*a - 10. Let k be w(6). Let x be (-10)/k*(-864)/(-135). Calculate the highest common divisor of 112 and x.
16
Suppose 891 + 53 = 16*o. What is the highest common factor of 826 and o?
59
Let d = 124 - 73. Suppose 3*w + d - 255 = 0. What is the greatest common factor of 17 and w?
17
Suppose 108 = 3*h + 18. Let d = 25 + -20. Calculate the highest common factor of h and d.
5
Let b = -18 - -21. Let l be -1 - (-27 - b/(-2)*2). Calculate the greatest common divisor of l and 23.
23
Let y(v) = -v - 4. Let a be y(-5). Let k be -4*a*20/(-8). Let p = -26 - -31. What is the highest common factor of p and k?
5
Let m be (-4 + 160/(-16))*(2 + -21). What is the greatest common factor of 98 and m?
14
Let d be 28/5 + (-12)/(-30). Let m(u) = u**2 + u + 16. Let q be m(0). Let a = 31 - q. What is the highest common divisor of d and a?
3
Let n = 55 + -19. Suppose -b + n = b. Suppose -5*i + 3*i = -3*f - 51, -30 = -i - 3*f. Calculate the greatest common divisor of i and b.
9
Let g = 26 + -16. Suppose z = g - 1. Let k(h) = -h**3 - 12*h**2 - 13*h - 13. Let f be k(-11). What is the greatest common factor of z and f?
9
Let y = 1080 + -1072. Suppose 261 = 5*w - 19. Calculate the greatest common factor of y and w.
8
Let q(a) = -a**2 - 10*a + 1. Suppose 5 = -4*l - 15. Let k be q(l). Suppose k = 5*p - 4. What is the greatest common divisor of 12 and p?
6
Let s be ((-360)/126)/((-4)/(-14)). Let w(i) = -i**2 - 16*i - 58. Let g be w(s). Calculate the greatest common divisor of g and 6.
2
Let t = 16 - 31. Let v be 1*6/t*-20. What is the greatest common divisor of 16 and v?
8
Suppose d - 5*t = -9, -2*d + t - 2*t + 4 = 0. Let m = 13 - -3. Let n = m + -11. Calculate the greatest common divisor of n and d.
1
Let s be (-6)/(-14) - (-32)/7. Suppose h + 3*v = 124, 424 = -2*h + s*h - 4*v. Calculate the highest common factor of h and 17.
17
Let i(x) = x**3 - 5*x**2 + 4*x + 7. Let d be i(4). What is the highest common divisor of d and 5?
1
Let x be (0 + (4 - 2))/1. Suppose h - 15 = 3*r, -40*h + 44*h - 4*r - 68 = 0. What is the highest common divisor of h and x?
2
Let b(p) = 4*p**2 + 37*p + 155. Let t be b(-6). What is the greatest common divisor of 99 and t?
11
Let x be (-5)/3 + 2600/120. What is the greatest common divisor of x and 12?
4
Let a = 55 - 50. Suppose -10*f + a*f = -140. Calculate the greatest common factor of f and 7.
7
Let g = -29 + 42. Let o(j) = j**2 + 5*j + 15. Let n be o(3). What is the highest common factor of n and g?
13
Let h = -31 + 34. Suppose -128 = -4*x + h*u - 32, -4*x = -4*u - 92. What is the greatest common divisor of 216 and x?
27
Let f(q) = -49*q**3 - q**2 - q - 1. Let t be f(-1). Let v be (-4)/10*(4 - -1). Let j be (14 + -6)*(v - -4). What is the highest common factor of t and j?
16
Let c(t) = -14*t - 2. Let z be c(-1). Suppose -z*j + 16*j - 52 = 0. What is the highest common factor of 26 and j?
13
Suppose -11*g = -8*g - 15. Suppose g*u + l = -0*l + 199, u + l = 39. Calculate the greatest common divisor of 100 and u.
20
Let a be 2*9/(-24) - (-684)/16. Let p be (2 + -1)*(23 - 2). Calculate the greatest common factor of a and p.
21
Let d = 96 + -135. Let w = d + 40. What is the greatest common factor of 11 and w?
1
Suppose 0 = -2*q - 2*q + 84. Let u = -31 - -52. Suppose -u = -2*l - 5*l. Calculate the greatest common divisor of q and l.
3
Suppose -f + 7 = 3*f - j, -5*f - j + 2 = 0. Let n be 38 + f/((-2)/(-8)). What is the greatest common divisor of n and 28?
14
Suppose d + 0*w - 87 = -w, 0 = d - 2*w - 96. Let h be 7/1 + -6 + 3. Suppose -h*f = -f - 30. Calculate the greatest common factor of f and d.
10
Let y be 3*((-210)/(-9))/(-7). Let b be (-4)/y - (-13)/5. What is the highest common divisor of 3 and b?
3
Let q = -542 + 548. Calculate the greatest common divisor of 10 and q.
2
Let n be -2 + 22 + (-4 - -3). Suppose -n*z + 292 - 64 = 0. Wh